i(6). What is the greatest common divisor of y and u?
8
Suppose -2*l = -4*l + 110. Let s(y) = y + 16. Let d be s(-12). Suppose 0*x = -2*x + d*z + 10, 5*z + 10 = 2*x. What is the highest common divisor of x and l?
5
Suppose 3*i - 4*x = 4*i - 356, 0 = -x + 3. Let z be (1*i)/4 - (2 + 0). What is the greatest common factor of z and 14?
14
Let b(o) = -o**2 + 7*o - 9. Let w be b(4). Suppose w*q + 3 = 2*s + 4, s + 3*q = 13. What is the greatest common divisor of 10 and s?
2
Let p = 581 + -561. Calculate the highest common divisor of 540 and p.
20
Suppose -3*y = -k + 6*k - 137, -4*k = 2*y - 92. Suppose -y = -3*s - 17. Let c(l) = 3*l**2 + l - 3. Let o be c(-6). What is the highest common factor of s and o?
9
Let f = 613 - 562. Calculate the highest common divisor of f and 102.
51
Let d(h) = -49*h**2 - 297*h - 5. Let s be d(-6). Suppose 3*a = 4*i - 22 - 302, 0 = 5*i + 4*a - 374. Calculate the highest common divisor of i and s.
13
Suppose -6*y = 2*y - 120. Let f be (-95)/(-15)*y - -1. What is the highest common divisor of f and 64?
32
Let b(s) = 7*s + 559. Let o be b(-65). Suppose 2*i - 22 = 4. What is the highest common divisor of i and o?
13
Suppose -t - 81 = -4*t. Suppose -6*v + t = -3*v. Calculate the highest common factor of 36 and v.
9
Suppose 182 + 214 = 2*m. Calculate the highest common divisor of m and 22.
22
Suppose 5*c = 2*c + 36. Let s = -101 - -24. Let t = 31 - s. What is the greatest common divisor of c and t?
12
Let z = -14 - -11. Let v be 1 - -103 - (z - 0). Let f = v + -47. What is the highest common factor of f and 12?
12
Let x(o) = -o**3 + 5*o**2 + 6*o - 4. Let p be x(6). Let u be (-51 - (p - -2))*-1. Let m = 85 - u. What is the highest common divisor of 4 and m?
4
Suppose -31 - 81 = -7*j. Suppose -2 = 7*z - j. What is the greatest common divisor of 8 and z?
2
Let k(q) = 4*q**3 - 3*q + 2. Suppose 4*v = -3 + 7. Let m be k(v). Calculate the highest common factor of 12 and m.
3
Let q(s) = -s**3 - 27*s**2 + 10*s - 493. Let o be q(-28). Suppose 0 = -4*b + 9*b - 740. Let i = b - 60. Calculate the highest common factor of i and o.
11
Let v = 125 + -83. What is the greatest common factor of v and 903?
21
Let s = 865 + -667. What is the greatest common factor of s and 234?
18
Let g(s) = -s**2 + 10*s + 95. Let u be g(12). What is the greatest common divisor of u and 568?
71
Suppose -1339 = -7*t + 96. What is the highest common factor of 15 and t?
5
Let g be 98 + -94 - (1 - 789). Calculate the highest common divisor of 44 and g.
44
Let y = -729 - -1259. What is the highest common divisor of 10 and y?
10
Let w be (31 - 1)*(1 + -3). Let g = 69 + w. Calculate the highest common factor of g and 18.
9
Suppose -7*h + 1 + 6 = 0. Let m be ((-1*(2 - 14))/h)/2. What is the greatest common divisor of 15 and m?
3
Let m = -352 - -362. Calculate the highest common divisor of m and 40.
10
Let k(y) = 14*y - 80. Let r be k(10). What is the highest common factor of 260 and r?
20
Let m = 637 - 628. Calculate the greatest common factor of m and 213.
3
Let n = 1785 - 1713. Calculate the greatest common divisor of n and 342.
18
Let x be 3/(-2)*(-152)/(-12). Let y = -1 - x. What is the highest common divisor of y and 144?
18
Let q = 101 + 35. Let k = -716 + 733. What is the highest common divisor of q and k?
17
Suppose 0 = -23*d - 13*d + 468. Suppose -5*n - 75 = -595. Calculate the greatest common factor of n and d.
13
Suppose 13*f = 14*f - 42. What is the greatest common factor of f and 54?
6
Let k = -765 - -996. What is the highest common divisor of 66 and k?
33
Let g be -1 + (-6 - -1 - -93). What is the greatest common factor of g and 145?
29
Suppose 0 + 39 = 3*u. Let l be (-16)/(-10)*(u + -3). What is the greatest common factor of 12 and l?
4
Let g(n) = n**3 - 31*n**2 - 33*n - 265. Let y be g(35). What is the highest common divisor of 60 and y?
60
Suppose 0 = -2*f - x + 104 - 1, 5*f = 4*x + 264. Suppose -3*n + 6 = 0, -f = -3*j + n - 6*n. Calculate the greatest common divisor of 2 and j.
2
Let t(k) = 7*k + 8. Let q be t(-2). Let h = q + 101. What is the greatest common factor of 19 and h?
19
Let y be -4*(-6)/28 + 968/308. Calculate the greatest common divisor of 13 and y.
1
Let q be (649/236)/(1/4). What is the highest common divisor of 2 and q?
1
Let x(h) = -2*h**3 - 15*h**2 - 8*h - 2. Let m be x(-7). What is the highest common factor of m and 1?
1
Let x = 63 - 15. Suppose -105 = 41*y - x*y. Calculate the greatest common factor of y and 195.
15
Let a be -10*44/55 + 910. Calculate the highest common divisor of a and 328.
82
Suppose l - 526 = -238. What is the greatest common factor of 54 and l?
18
Suppose -2*m = 5*w - 26, -m - 5*w + 5 = -6*m. Let z(c) = -c + m - 35*c**2 - 5 + 39*c**2. Let h be z(2). Calculate the greatest common factor of 36 and h.
12
Suppose -7*n + 155 = -13. What is the greatest common factor of 152 and n?
8
Suppose -19*a + 1425 = -0*a. Let m be 2/(-4) - (-62)/4. What is the highest common divisor of a and m?
15
Let q be (-1)/(16/204)*-12. Let w be (-3)/6 + q/6. Calculate the greatest common divisor of w and 5.
5
Let o = 9 - -24. Suppose 0 = 3*u - 0*a - a - 41, -4*a = 2*u - 32. Let x(m) = 3*m - 31. Let y be x(u). What is the greatest common divisor of y and o?
11
Let f = 10 + 5. Let o be (0 + f)/(-2 + 23/10). Calculate the greatest common divisor of o and 75.
25
Let m = 10 + 5. Let l be 13 + (13 - 20) + 9. Calculate the greatest common factor of l and m.
15
Let y = 546 - 456. What is the greatest common factor of 3420 and y?
90
Suppose 5*l - 13 = 12. Let z be 1246/49 + 18/(-42). Calculate the highest common divisor of z and l.
5
Suppose -19*g + 1945 = -6358. What is the greatest common divisor of 38 and g?
19
Let r be 96/9*6/4. Suppose 5*h - 3 = -3. Suppose -d - d + r = h. Calculate the greatest common factor of 32 and d.
8
Suppose 0 = 5*s - 6*s + 5. Suppose s*n = 5*p - 25, -4*n - 15 = -3*p - 0*n. What is the highest common factor of 15 and p?
5
Let j be ((-12)/15)/(1/(-80)). Suppose -3*q + j - 1 = 0. What is the greatest common factor of 35 and q?
7
Let z be 2 - -6 - (-1)/(-1). Suppose -2*p - j + 8 + 3 = 0, -13 = -p + 2*j. What is the highest common divisor of z and p?
7
Suppose -5*p - 5 = 10. Let y be 12*((-7)/(-2) + p). Let f = 13 - y. Calculate the highest common divisor of f and 35.
7
Let a = -66 + 69. Let m(n) = 21*n + 5. Let t be m(6). Suppose 2*l + a*f + 38 = t, 0 = 3*l + 2*f - 132. Calculate the highest common divisor of 14 and l.
14
Let b(o) = -25*o - 29. Let m(z) = 13*z + 14. Let k(q) = -4*b(q) - 7*m(q). Let y be k(3). What is the greatest common divisor of 36 and y?
9
Let o be 20/(-12) + 0 - 448/(-96). What is the highest common factor of 366 and o?
3
Let j = -131 - -164. Calculate the greatest common divisor of j and 363.
33
Suppose -4*j - 185 + 617 = 0. Let t be (-90)/(-8) + (-9)/(-12). What is the highest common divisor of t and j?
12
Let b(s) = 4*s**3 + 2*s - 1. Let y be b(1). Suppose 46 = -y*v - 24. Let c be (-2)/(-7) - 80/v. Calculate the greatest common factor of c and 6.
6
Suppose 914 = 58*z + 392. Calculate the greatest common divisor of z and 3771.
9
Let a(y) = -y + 11. Let u be a(9). Suppose -u*i = -i - 192. Let o = 276 - i. Calculate the greatest common factor of 12 and o.
12
Let q be ((1 - 13)/3)/(-2). Suppose 3*t + 288 = 2*b, -49 = q*b - 2*t - 337. Suppose 0 = -r + 5*r - b. Calculate the greatest common divisor of 9 and r.
9
Suppose 3*p - 7*p + 176 = 0. Suppose 0 = 5*d + 49 - 79. Let u(o) = 4*o - 20. Let s be u(d). What is the highest common divisor of p and s?
4
Let w = 534 - 406. What is the greatest common divisor of 48 and w?
16
Let x = 177 + -2. Suppose -176*m = -x*m - 108. Calculate the greatest common divisor of 24 and m.
12
Let k = 0 - -21. Suppose -4*v + 5*n = -51, 0*v + 3*v - 45 = -3*n. Calculate the highest common factor of v and k.
7
Let b = 14 - 14. Suppose 2*x - 2 - 6 = b. Let j be ((-4)/6)/(x/(-1296)). What is the highest common divisor of j and 24?
24
Let r(h) = 14*h - 136. Let t be r(15). What is the highest common divisor of 2 and t?
2
Let p(j) = -17*j + 592. Let w be p(34). Calculate the greatest common divisor of w and 742.
14
Let t be (-82)/(-6) - 28/(-84). Suppose 0 = 3*b - 0*v - 2*v, -2*b - 3*v = 0. Let q(h) = -h + 28. Let o be q(b). What is the highest common divisor of o and t?
14
Let m(f) = 